{"id":157,"date":"2012-05-21T23:06:00","date_gmt":"2012-05-21T21:06:00","guid":{"rendered":"http:\/\/www.foerderverein-hdb.de\/?page_id=157"},"modified":"2019-05-17T13:12:00","modified_gmt":"2019-05-17T11:12:00","slug":"impressum","status":"publish","type":"page","link":"http:\/\/www.foerderverein-hdb.de\/?page_id=157","title":{"rendered":"Impressum"},"content":{"rendered":"<h1>Impressum<\/h1>\n<p>Gem\u00e4\u00df \u00a7 55 Absatz 2 RStV verantwortlich f\u00fcr den Inhalt:<\/p>\n<p>F\u00f6rderverein Haus der Begegnung K\u00f6nigstein e.V.<br \/>\nManfred Colloseus<br \/>\n\u00d6lm\u00fchlweg 3<br \/>\n61462 K\u00f6nigstein im Taunus<br \/>\n<a href=\"m&#97;&#105;&#x6c;&#x74;o:&#104;&#100;&#x62;&#x2d;fo&#101;&#114;&#x64;&#x65;re&#114;&#x40;&#x74;&#x2d;o&#110;&#108;&#x69;&#x6e;&#x65;&#46;&#100;&#101;\">&#x68;&#100;b&#x2d;&#102;o&#x65;&#x72;&#100;&#x65;&#x72;&#101;r&#x40;&#116;-&#x6f;&#x6e;&#108;&#x69;&#x6e;&#101;&#46;&#x64;&#101;<\/a><\/p>\n<p>Fotos: S\u00e4mtliche Fotos sind entweder selbst erstellt oder wurden uns mit Genehmigung freundlicherweise zur Verf\u00fcgung gestellt.<\/p>\n","protected":false},"excerpt":{"rendered":"<p>Impressum Gem\u00e4\u00df \u00a7 55 Absatz 2 RStV verantwortlich f\u00fcr den Inhalt: F\u00f6rderverein Haus der Begegnung K\u00f6nigstein e.V. Manfred Colloseus \u00d6lm\u00fchlweg 3 61462 K\u00f6nigstein im Taunus h&#100;&#98;&#45;&#x66;&#x6f;&#x65;rd&#101;&#114;&#x65;&#x72;&#x40;&#x74;-o&#110;&#108;&#x69;&#x6e;&#x65;&#x2e;d&#101; Fotos: S\u00e4mtliche Fotos sind entweder selbst erstellt oder wurden uns mit Genehmigung freundlicherweise zur &hellip; <a href=\"http:\/\/www.foerderverein-hdb.de\/?page_id=157\">Weiterlesen <span class=\"meta-nav\">&rarr;<\/span><\/a><\/p>\n","protected":false},"author":1,"featured_media":0,"parent":124,"menu_order":5,"comment_status":"closed","ping_status":"closed","template":"","meta":[],"_links":{"self":[{"href":"http:\/\/www.foerderverein-hdb.de\/index.php?rest_route=\/wp\/v2\/pages\/157"}],"collection":[{"href":"http:\/\/www.foerderverein-hdb.de\/index.php?rest_route=\/wp\/v2\/pages"}],"about":[{"href":"http:\/\/www.foerderverein-hdb.de\/index.php?rest_route=\/wp\/v2\/types\/page"}],"author":[{"embeddable":true,"href":"http:\/\/www.foerderverein-hdb.de\/index.php?rest_route=\/wp\/v2\/users\/1"}],"replies":[{"embeddable":true,"href":"http:\/\/www.foerderverein-hdb.de\/index.php?rest_route=%2Fwp%2Fv2%2Fcomments&post=157"}],"version-history":[{"count":12,"href":"http:\/\/www.foerderverein-hdb.de\/index.php?rest_route=\/wp\/v2\/pages\/157\/revisions"}],"predecessor-version":[{"id":1807,"href":"http:\/\/www.foerderverein-hdb.de\/index.php?rest_route=\/wp\/v2\/pages\/157\/revisions\/1807"}],"up":[{"embeddable":true,"href":"http:\/\/www.foerderverein-hdb.de\/index.php?rest_route=\/wp\/v2\/pages\/124"}],"wp:attachment":[{"href":"http:\/\/www.foerderverein-hdb.de\/index.php?rest_route=%2Fwp%2Fv2%2Fmedia&parent=157"}],"curies":[{"name":"wp","href":"https:\/\/api.w.org\/{rel}","templated":true}]}}