{"id":154,"date":"2012-05-21T23:01:20","date_gmt":"2012-05-21T21:01:20","guid":{"rendered":"http:\/\/www.foerderverein-hdb.de\/?page_id=154"},"modified":"2019-05-17T13:08:26","modified_gmt":"2019-05-17T11:08:26","slug":"kontakt","status":"publish","type":"page","link":"http:\/\/www.foerderverein-hdb.de\/?page_id=154","title":{"rendered":"Kontakt"},"content":{"rendered":"<p>Manfred Colloseus <em>1. Vorsitzender<\/em><br \/>\n\u00d6lm\u00fchlweg 3<br \/>\n61462 K\u00f6nigstein im Taunus<br \/>\nTelefon: 06174 \u2013 3588<br \/>\n<a href=\"&#x6d;&#x61;&#105;&#108;t&#x6f;&#x3a;&#x68;&#100;b-&#x66;&#x6f;&#101;&#114;d&#x65;&#x72;&#x65;&#114;&#64;t&#x2d;&#x6f;&#110;&#108;i&#x6e;&#x65;&#x2e;&#100;e\">&#x68;&#x64;&#x62;&#x2d;&#x66;&#x6f;&#x65;&#x72;&#100;&#101;&#114;&#101;&#114;&#64;&#116;-onl&#x69;&#x6e;&#x65;&#x2e;&#x64;&#x65;<\/a><\/p>\n<p><strong>Bankverbindung des Vereins:<\/strong><br \/>\nTaunus Sparkasse<br \/>\nBLZ: 51250000\u00a0\u00a0\u00a0\u00a0\u00a0\u00a0\u00a0 Konto-Nr: 13308225<br \/>\nIBAN: DE12 5125 0000 0013 3082 25 \/ SWIFT-BIC: HELADEF1TSK<br \/>\nGl\u00e4ubiger-Identifikationsnummer DE43ZZZ00001341966<\/p>\n<h1>W\u00fcnsche, Anregungen und Kritik<\/h1>\n<p>Wir freuen uns, wenn Sie mit uns in Kontakt treten und W\u00fcnsche, Anregungen oder auch Kritikpunkte \u00e4u\u00dfern.<\/p>\n<h1>Link zur Haus der Begegnung Betriebs-GmbH<\/h1>\n<p>Detaillierte Informationen zur Veranstaltunghalle und Infos zu Buchungsm\u00f6glichkeiten erhalten Sie hier: <a title=\"Haus der Begegnung Betriebs-GmbH\" href=\"http:\/\/www.hdb-koenigstein.de\" target=\"_blank\" rel=\"noopener noreferrer\">http:\/\/www.hdb-koenigstein.de<\/a><\/p>\n","protected":false},"excerpt":{"rendered":"<p>Manfred Colloseus 1. Vorsitzender \u00d6lm\u00fchlweg 3 61462 K\u00f6nigstein im Taunus Telefon: 06174 \u2013 3588 h&#100;&#98;&#x2d;&#x66;&#x6f;&#x65;r&#100;&#101;&#114;&#x65;&#x72;&#x40;t-&#111;&#110;&#x6c;&#x69;&#x6e;e&#46;&#100;&#101; Bankverbindung des Vereins: Taunus Sparkasse BLZ: 51250000\u00a0\u00a0\u00a0\u00a0\u00a0\u00a0\u00a0 Konto-Nr: 13308225 IBAN: DE12 5125 0000 0013 3082 25 \/ SWIFT-BIC: HELADEF1TSK Gl\u00e4ubiger-Identifikationsnummer DE43ZZZ00001341966 W\u00fcnsche, Anregungen und Kritik &hellip; <a href=\"http:\/\/www.foerderverein-hdb.de\/?page_id=154\">Weiterlesen <span class=\"meta-nav\">&rarr;<\/span><\/a><\/p>\n","protected":false},"author":1,"featured_media":0,"parent":124,"menu_order":4,"comment_status":"open","ping_status":"closed","template":"","meta":[],"_links":{"self":[{"href":"http:\/\/www.foerderverein-hdb.de\/index.php?rest_route=\/wp\/v2\/pages\/154"}],"collection":[{"href":"http:\/\/www.foerderverein-hdb.de\/index.php?rest_route=\/wp\/v2\/pages"}],"about":[{"href":"http:\/\/www.foerderverein-hdb.de\/index.php?rest_route=\/wp\/v2\/types\/page"}],"author":[{"embeddable":true,"href":"http:\/\/www.foerderverein-hdb.de\/index.php?rest_route=\/wp\/v2\/users\/1"}],"replies":[{"embeddable":true,"href":"http:\/\/www.foerderverein-hdb.de\/index.php?rest_route=%2Fwp%2Fv2%2Fcomments&post=154"}],"version-history":[{"count":13,"href":"http:\/\/www.foerderverein-hdb.de\/index.php?rest_route=\/wp\/v2\/pages\/154\/revisions"}],"predecessor-version":[{"id":1805,"href":"http:\/\/www.foerderverein-hdb.de\/index.php?rest_route=\/wp\/v2\/pages\/154\/revisions\/1805"}],"up":[{"embeddable":true,"href":"http:\/\/www.foerderverein-hdb.de\/index.php?rest_route=\/wp\/v2\/pages\/124"}],"wp:attachment":[{"href":"http:\/\/www.foerderverein-hdb.de\/index.php?rest_route=%2Fwp%2Fv2%2Fmedia&parent=154"}],"curies":[{"name":"wp","href":"https:\/\/api.w.org\/{rel}","templated":true}]}}